divided by 28.
27
What is the remainder when 274 is divided by 94?
86
What is the remainder when 16 is divided by 10?
6
Calculate the remainder when 4181 is divided by 13.
8
Calculate the remainder when 387 is divided by 30.
27
Calculate the remainder when 1204 is divided by 399.
7
What is the remainder when 2063 is divided by 46?
39
What is the remainder when 119 is divided by 20?
19
What is the remainder when 2498 is divided by 17?
16
Calculate the remainder when 3170 is divided by 41.
13
Calculate the remainder when 6991 is divided by 21.
19
Calculate the remainder when 161 is divided by 9.
8
What is the remainder when 397 is divided by 142?
113
Calculate the remainder when 2621 is divided by 64.
61
What is the remainder when 583 is divided by 25?
8
What is the remainder when 22689 is divided by 124?
121
What is the remainder when 381 is divided by 26?
17
Calculate the remainder when 15 is divided by 10.
5
Calculate the remainder when 405 is divided by 14.
13
What is the remainder when 2202 is divided by 21?
18
What is the remainder when 656 is divided by 318?
20
Calculate the remainder when 207 is divided by 14.
11
What is the remainder when 98 is divided by 68?
30
Calculate the remainder when 604 is divided by 200.
4
Calculate the remainder when 10059 is divided by 78.
75
What is the remainder when 3441 is divided by 246?
243
Calculate the remainder when 165 is divided by 7.
4
Calculate the remainder when 2313 is divided by 38.
33
What is the remainder when 666 is divided by 7?
1
Calculate the remainder when 344 is divided by 25.
19
Calculate the remainder when 302 is divided by 19.
17
What is the remainder when 399 is divided by 8?
7
What is the remainder when 655 is divided by 9?
7
What is the remainder when 1418 is divided by 20?
18
Calculate the remainder when 224 is divided by 40.
24
Calculate the remainder when 58 is divided by 33.
25
Calculate the remainder when 1062 is divided by 32.
6
What is the remainder when 3650 is divided by 1823?
4
What is the remainder when 2288 is divided by 60?
8
Calculate the remainder when 2569 is divided by 366.
7
What is the remainder when 1580 is divided by 157?
10
What is the remainder when 2418 is divided by 4?
2
What is the remainder when 125 is divided by 113?
12
Calculate the remainder when 458 is divided by 10.
8
What is the remainder when 240 is divided by 27?
24
What is the remainder when 148 is divided by 25?
23
What is the remainder when 125 is divided by 26?
21
Calculate the remainder when 4825 is divided by 1604.
13
What is the remainder when 86 is divided by 10?
6
What is the remainder when 262 is divided by 247?
15
Calculate the remainder when 1207 is divided by 244.
231
What is the remainder when 124 is divided by 16?
12
What is the remainder when 69 is divided by 48?
21
What is the remainder when 491 is divided by 17?
15
Calculate the remainder when 3655 is divided by 28.
15
What is the remainder when 209 is divided by 59?
32
What is the remainder when 333 is divided by 85?
78
What is the remainder when 1271 is divided by 25?
21
What is the remainder when 2726 is divided by 57?
47
Calculate the remainder when 343 is divided by 81.
19
Calculate the remainder when 1181 is divided by 68.
25
Calculate the remainder when 1015 is divided by 127.
126
Calculate the remainder when 159 is divided by 42.
33
What is the remainder when 706 is divided by 112?
34
What is the remainder when 1308 is divided by 352?
252
What is the remainder when 282 is divided by 15?
12
Calculate the remainder when 1039 is divided by 66.
49
What is the remainder when 1867 is divided by 162?
85
What is the remainder when 125 is divided by 55?
15
Calculate the remainder when 337 is divided by 32.
17
Calculate the remainder when 9177 is divided by 340.
337
Calculate the remainder when 144 is divided by 49.
46
Calculate the remainder when 78 is divided by 16.
14
Calculate the remainder when 1954 is divided by 17.
16
What is the remainder when 3744 is divided by 56?
48
Calculate the remainder when 268 is divided by 46.
38
Calculate the remainder when 214 is divided by 67.
13
What is the remainder when 465 is divided by 124?
93
Calculate the remainder when 829 is divided by 52.
49
Calculate the remainder when 1588 is divided by 64.
52
What is the remainder when 2200 is divided by 76?
72
Calculate the remainder when 93 is divided by 23.
1
What is the remainder when 162 is divided by 79?
4
Calculate the remainder when 4594 is divided by 73.
68
What is the remainder when 742 is divided by 57?
1
Calculate the remainder when 2694 is divided by 22.
10
What is the remainder when 339 is divided by 9?
6
What is the remainder when 186 is divided by 16?
10
Calculate the remainder when 1707 is divided by 19.
16
What is the remainder when 3988 is divided by 70?
68
What is the remainder when 87 is divided by 32?
23
Calculate the remainder when 455 is divided by 42.
35
Calculate the remainder when 117 is divided by 20.
17
What is the remainder when 77 is divided by 24?
5
What is the remainder when 124 is divided by 21?
19
What is the remainder when 218 is divided by 14?
8
Calculate the remainder when 432 is divided by 89.
76
Calculate the remainder when 73 is divided by 13.
8
Calculate the remainder when 814 is divided by 263.
25
Calculate the remainder when 543 is divided by 91.
88
Calculate the remainder when 583 is divided by 66.
55
Calculate the remainder when 66 is divided by 56.
10
What is the remainder when 402 is divided by 185?
32
Calculate the remainder when 258 is divided by 120.
18
Calculate the remainder when 2349 is divided by 25.
24
Calculate the remainder when 298 is divided by 17.
9
Calculate the remainder when 3491 is divided by 31.
19
What is the remainder when 153 is divided by 4?
1
Calculate the remainder when 94 is divided by 22.
6
Calculate the remainder when 1312 is divided by 7.
3
What is the remainder when 565 is divided by 68?
21
What is the remainder when 285 is divided by 11?
10
What is the remainder when 4561 is divided by 28?
25
Calculate the remainder when 99 is divided by 3.
0
What is the remainder when 83 is divided by 22?
17
Calculate the remainder when 130 is divided by 22.
20
Calculate the remainder when 48 is divided by 31.
17
What is the remainder when 351 is divided by 32?
31
What is the remainder when 370 is divided by 259?
111
What is the remainder when 165 is divided by 13?
9
What is the remainder when 9 is divided by 3?
0
Calculate the remainder when 150 is divided by 42.
24
What is the remainder when 114 is divided by 56?
2
Calculate the remainder when 326 is divided by 66.
62
Calculate the remainder when 555 is divided by 10.
5
Calculate the remainder when 117 is divided by 40.
37
What is the remainder when 604 is divided by 166?
106
What is the remainder when 287 is divided by 17?
15
What is the remainder when 181 is divided by 24?
13
What is the remainder when 2921 is divided by 958?
47
What is the remainder when 79 is divided by 12?
7
What is the remainder when 12177 is divided by 60?
57
Calculate the remainder when 693 is divided by 97.
14
What is the remainder when 1947 is divided by 13?
10
Calculate the remainder when 930 is divided by 23.
10
What is the remainder when 64 is divided by 24?
16
What is the remainder when 6933 is divided by 1386?
3
What is the remainder when 1629 is divided by 40?
29
What is the remainder when 692 is divided by 70?
62
Calculate the remainder when 121 is divided by 5.
1
What is the remainder when 2157 is divided by 90?
87
Calculate the remainder when 2376 is divided by 148.
8
Calculate the remainder when 1032 is divided by 74.
70
Calculate the remainder when 2757 is divided by 20.
17
Calculate the remainder when 868 is divided by 260.
88
What is the remainder when 843 is divided by 13?
11
What is the remainder when 429 is divided by 134?
27
Calculate the remainder when 731 is divided by 109.
77
Calculate the remainder when 7851 is divided by 13.
12
Calculate the remainder when 6167 is divided by 21.
14
Calculate the remainder when 330 is divided by 312.
18
Calculate the remainder when 4283 is divided by 67.
62
Calculate the remainder when 11 is divided by 9.
2
What is the remainder when 1398 is divided by 19?
11
What is the remainder when 1011 is divid